{"id":10441,"date":"2018-05-07T16:30:50","date_gmt":"2018-05-07T14:30:50","guid":{"rendered":"https:\/\/auschwitz.net\/wp-content\/uploads\/2018\/05\/18-01-Auschwizt_Madrid.jpg"},"modified":"2018-05-07T16:30:50","modified_gmt":"2018-05-07T14:30:50","slug":"auschwitz-exposicion-de-madrid-2-2","status":"inherit","type":"attachment","link":"https:\/\/auschwitz.net\/es\/ultimas-semanas-para-visitar-la-exposicion-auschwitz-en-madrid\/auschwitz-exposicion-de-madrid-2-2\/","title":{"rendered":"Last chance for free scholar tickets. Barea"},"author":6,"featured_media":0,"comment_status":"closed","ping_status":"closed","template":"","meta":[],"class_list":["post-10441","attachment","type-attachment","status-inherit","hentry"],"yoast_head":"<!-- This site is optimized with the Yoast SEO plugin v26.8 - https:\/\/yoast.com\/product\/yoast-seo-wordpress\/ -->\n<title>Last chance for free scholar tickets. Barea - Auschwitz<\/title>\n<meta name=\"robots\" content=\"index, follow, max-snippet:-1, max-image-preview:large, max-video-preview:-1\" \/>\n<link rel=\"canonical\" href=\"https:\/\/auschwitz.net\/wp-content\/uploads\/2018\/05\/18-01-Auschwizt_Madrid.jpg\" \/>\n<meta property=\"og:locale\" content=\"es_ES\" \/>\n<meta property=\"og:type\" content=\"article\" \/>\n<meta property=\"og:title\" content=\"Last chance for free scholar tickets. Barea - Auschwitz\" \/>\n<meta property=\"og:description\" content=\"Last chance for free scholar tickets. Barea\" \/>\n<meta property=\"og:url\" content=\"https:\/\/auschwitz.net\/wp-content\/uploads\/2018\/05\/18-01-Auschwizt_Madrid.jpg\" \/>\n<meta property=\"og:site_name\" content=\"Auschwitz\" \/>\n<meta property=\"article:publisher\" content=\"https:\/\/www.facebook.com\/auschwitzexhibition\/\" \/>\n<meta property=\"og:image\" content=\"https:\/\/auschwitz.net\/wp-content\/uploads\/2018\/05\/18-01-Auschwizt_Madrid.jpg\" \/>\n\t<meta property=\"og:image:width\" content=\"1200\" \/>\n\t<meta property=\"og:image:height\" content=\"736\" \/>\n\t<meta property=\"og:image:type\" content=\"image\/jpeg\" \/>\n<meta name=\"twitter:card\" content=\"summary_large_image\" \/>\n<meta name=\"twitter:site\" content=\"@auschwitzxhibit\" \/>\n<script type=\"application\/ld+json\" class=\"yoast-schema-graph\">{\"@context\":\"https:\/\/schema.org\",\"@graph\":[{\"@type\":\"WebPage\",\"@id\":\"https:\/\/auschwitz.net\/wp-content\/uploads\/2018\/05\/18-01-Auschwizt_Madrid.jpg\",\"url\":\"https:\/\/auschwitz.net\/wp-content\/uploads\/2018\/05\/18-01-Auschwizt_Madrid.jpg\",\"name\":\"Last chance for free scholar tickets. Barea - Auschwitz\",\"isPartOf\":{\"@id\":\"https:\/\/auschwitz.net\/#website\"},\"datePublished\":\"2018-05-07T14:30:50+00:00\",\"breadcrumb\":{\"@id\":\"https:\/\/auschwitz.net\/wp-content\/uploads\/2018\/05\/18-01-Auschwizt_Madrid.jpg#breadcrumb\"},\"inLanguage\":\"es\",\"potentialAction\":[{\"@type\":\"ReadAction\",\"target\":[\"https:\/\/auschwitz.net\/wp-content\/uploads\/2018\/05\/18-01-Auschwizt_Madrid.jpg\"]}]},{\"@type\":\"BreadcrumbList\",\"@id\":\"https:\/\/auschwitz.net\/wp-content\/uploads\/2018\/05\/18-01-Auschwizt_Madrid.jpg#breadcrumb\",\"itemListElement\":[{\"@type\":\"ListItem\",\"position\":1,\"name\":\"Portada\",\"item\":\"https:\/\/auschwitz.net\/es\/?page_id=17381\"},{\"@type\":\"ListItem\",\"position\":2,\"name\":\"\u00daltimas semanas para visitar la exposici\u00f3n Auschwitz en Madrid\",\"item\":\"https:\/\/auschwitz.net\/es\/ultimas-semanas-para-visitar-la-exposicion-auschwitz-en-madrid\/\"},{\"@type\":\"ListItem\",\"position\":3,\"name\":\"Last chance for free scholar tickets. Barea\"}]},{\"@type\":\"WebSite\",\"@id\":\"https:\/\/auschwitz.net\/#website\",\"url\":\"https:\/\/auschwitz.net\/\",\"name\":\"Auschwitz\",\"description\":\"Exposici\u00f3n Auschwitz, en Madrid hasta el 16 de junio de 2018. Una emotiva y rigurosa muestra sobre el mayor campo nazi alem\u00e1n, con m\u00e1s de 600 objetos originales.\",\"potentialAction\":[{\"@type\":\"SearchAction\",\"target\":{\"@type\":\"EntryPoint\",\"urlTemplate\":\"https:\/\/auschwitz.net\/?s={search_term_string}\"},\"query-input\":{\"@type\":\"PropertyValueSpecification\",\"valueRequired\":true,\"valueName\":\"search_term_string\"}}],\"inLanguage\":\"es\"}]}<\/script>\n<!-- \/ Yoast SEO plugin. -->","yoast_head_json":{"title":"Last chance for free scholar tickets. Barea - Auschwitz","robots":{"index":"index","follow":"follow","max-snippet":"max-snippet:-1","max-image-preview":"max-image-preview:large","max-video-preview":"max-video-preview:-1"},"canonical":"https:\/\/auschwitz.net\/wp-content\/uploads\/2018\/05\/18-01-Auschwizt_Madrid.jpg","og_locale":"es_ES","og_type":"article","og_title":"Last chance for free scholar tickets. Barea - Auschwitz","og_description":"Last chance for free scholar tickets. Barea","og_url":"https:\/\/auschwitz.net\/wp-content\/uploads\/2018\/05\/18-01-Auschwizt_Madrid.jpg","og_site_name":"Auschwitz","article_publisher":"https:\/\/www.facebook.com\/auschwitzexhibition\/","og_image":[{"width":1200,"height":736,"url":"https:\/\/auschwitz.net\/wp-content\/uploads\/2018\/05\/18-01-Auschwizt_Madrid.jpg","type":"image\/jpeg"}],"twitter_card":"summary_large_image","twitter_site":"@auschwitzxhibit","schema":{"@context":"https:\/\/schema.org","@graph":[{"@type":"WebPage","@id":"https:\/\/auschwitz.net\/wp-content\/uploads\/2018\/05\/18-01-Auschwizt_Madrid.jpg","url":"https:\/\/auschwitz.net\/wp-content\/uploads\/2018\/05\/18-01-Auschwizt_Madrid.jpg","name":"Last chance for free scholar tickets. Barea - Auschwitz","isPartOf":{"@id":"https:\/\/auschwitz.net\/#website"},"datePublished":"2018-05-07T14:30:50+00:00","breadcrumb":{"@id":"https:\/\/auschwitz.net\/wp-content\/uploads\/2018\/05\/18-01-Auschwizt_Madrid.jpg#breadcrumb"},"inLanguage":"es","potentialAction":[{"@type":"ReadAction","target":["https:\/\/auschwitz.net\/wp-content\/uploads\/2018\/05\/18-01-Auschwizt_Madrid.jpg"]}]},{"@type":"BreadcrumbList","@id":"https:\/\/auschwitz.net\/wp-content\/uploads\/2018\/05\/18-01-Auschwizt_Madrid.jpg#breadcrumb","itemListElement":[{"@type":"ListItem","position":1,"name":"Portada","item":"https:\/\/auschwitz.net\/es\/?page_id=17381"},{"@type":"ListItem","position":2,"name":"\u00daltimas semanas para visitar la exposici\u00f3n Auschwitz en Madrid","item":"https:\/\/auschwitz.net\/es\/ultimas-semanas-para-visitar-la-exposicion-auschwitz-en-madrid\/"},{"@type":"ListItem","position":3,"name":"Last chance for free scholar tickets. Barea"}]},{"@type":"WebSite","@id":"https:\/\/auschwitz.net\/#website","url":"https:\/\/auschwitz.net\/","name":"Auschwitz","description":"Exposici\u00f3n Auschwitz, en Madrid hasta el 16 de junio de 2018. Una emotiva y rigurosa muestra sobre el mayor campo nazi alem\u00e1n, con m\u00e1s de 600 objetos originales.","potentialAction":[{"@type":"SearchAction","target":{"@type":"EntryPoint","urlTemplate":"https:\/\/auschwitz.net\/?s={search_term_string}"},"query-input":{"@type":"PropertyValueSpecification","valueRequired":true,"valueName":"search_term_string"}}],"inLanguage":"es"}]}},"description":{"rendered":"<p class=\"attachment\"><a href='https:\/\/auschwitz.net\/wp-content\/uploads\/2018\/05\/18-01-Auschwizt_Madrid.jpg'><img loading=\"lazy\" decoding=\"async\" width=\"300\" height=\"184\" src=\"https:\/\/auschwitz.net\/wp-content\/uploads\/2018\/05\/18-01-Auschwizt_Madrid-300x184.jpg\" class=\"attachment-medium size-medium\" alt=\"Last chance for free scholar tickets. Barca\" srcset=\"https:\/\/auschwitz.net\/wp-content\/uploads\/2018\/05\/18-01-Auschwizt_Madrid-300x184.jpg 300w, https:\/\/auschwitz.net\/wp-content\/uploads\/2018\/05\/18-01-Auschwizt_Madrid-768x471.jpg 768w, https:\/\/auschwitz.net\/wp-content\/uploads\/2018\/05\/18-01-Auschwizt_Madrid-1024x628.jpg 1024w, https:\/\/auschwitz.net\/wp-content\/uploads\/2018\/05\/18-01-Auschwizt_Madrid-700x430.jpg 700w, https:\/\/auschwitz.net\/wp-content\/uploads\/2018\/05\/18-01-Auschwizt_Madrid.jpg 1200w\" sizes=\"auto, (max-width: 300px) 100vw, 300px\" \/><\/a><\/p>\n<p>Last chance for free scholar tickets. Barea<\/p>\n"},"caption":{"rendered":"<p>Last chance for free scholar tickets. Barea<\/p>\n"},"alt_text":"Last chance for free scholar tickets. Barca","media_type":"image","mime_type":"image\/jpeg","media_details":{"width":1200,"height":736,"file":"2018\/05\/18-01-Auschwizt_Madrid.jpg","sizes":{"thumbnail":{"file":"18-01-Auschwizt_Madrid-150x150.jpg","width":150,"height":150,"mime_type":"image\/jpeg","source_url":"https:\/\/auschwitz.net\/wp-content\/uploads\/2018\/05\/18-01-Auschwizt_Madrid-150x150.jpg"},"medium":{"file":"18-01-Auschwizt_Madrid-300x184.jpg","width":300,"height":184,"mime_type":"image\/jpeg","source_url":"https:\/\/auschwitz.net\/wp-content\/uploads\/2018\/05\/18-01-Auschwizt_Madrid-300x184.jpg"},"medium_large":{"file":"18-01-Auschwizt_Madrid-768x471.jpg","width":768,"height":471,"mime_type":"image\/jpeg","source_url":"https:\/\/auschwitz.net\/wp-content\/uploads\/2018\/05\/18-01-Auschwizt_Madrid-768x471.jpg"},"large":{"file":"18-01-Auschwizt_Madrid-1024x628.jpg","width":1024,"height":628,"mime_type":"image\/jpeg","source_url":"https:\/\/auschwitz.net\/wp-content\/uploads\/2018\/05\/18-01-Auschwizt_Madrid-1024x628.jpg"},"Personnel Thumbnail":{"file":"18-01-Auschwizt_Madrid-700x500.jpg","width":700,"height":500,"mime_type":"image\/jpeg","source_url":"https:\/\/auschwitz.net\/wp-content\/uploads\/2018\/05\/18-01-Auschwizt_Madrid-700x500.jpg"},"Portfolio Thumbnail":{"file":"18-01-Auschwizt_Madrid-700x450.jpg","width":700,"height":450,"mime_type":"image\/jpeg","source_url":"https:\/\/auschwitz.net\/wp-content\/uploads\/2018\/05\/18-01-Auschwizt_Madrid-700x450.jpg"},"Portfolio Thumbnail Portrait":{"file":"18-01-Auschwizt_Madrid-700x660.jpg","width":700,"height":660,"mime_type":"image\/jpeg","source_url":"https:\/\/auschwitz.net\/wp-content\/uploads\/2018\/05\/18-01-Auschwizt_Madrid-700x660.jpg"},"Portfolio Thumbnail Portrait 2":{"file":"18-01-Auschwizt_Madrid-600x736.jpg","width":600,"height":736,"mime_type":"image\/jpeg","source_url":"https:\/\/auschwitz.net\/wp-content\/uploads\/2018\/05\/18-01-Auschwizt_Madrid-600x736.jpg"},"Large Landscape ":{"file":"18-01-Auschwizt_Madrid-1200x580.jpg","width":1200,"height":580,"mime_type":"image\/jpeg","source_url":"https:\/\/auschwitz.net\/wp-content\/uploads\/2018\/05\/18-01-Auschwizt_Madrid-1200x580.jpg"},"Large Landscape 2":{"file":"18-01-Auschwizt_Madrid-1200x700.jpg","width":1200,"height":700,"mime_type":"image\/jpeg","source_url":"https:\/\/auschwitz.net\/wp-content\/uploads\/2018\/05\/18-01-Auschwizt_Madrid-1200x700.jpg"},"Portfolio Side Description Large":{"file":"18-01-Auschwizt_Madrid-900x500.jpg","width":900,"height":500,"mime_type":"image\/jpeg","source_url":"https:\/\/auschwitz.net\/wp-content\/uploads\/2018\/05\/18-01-Auschwizt_Madrid-900x500.jpg"},"Blog Full Thumbnail":{"file":"18-01-Auschwizt_Madrid-1100x490.jpg","width":1100,"height":490,"mime_type":"image\/jpeg","source_url":"https:\/\/auschwitz.net\/wp-content\/uploads\/2018\/05\/18-01-Auschwizt_Madrid-1100x490.jpg"},"Blog Column Thumbnail":{"file":"18-01-Auschwizt_Madrid-700x430.jpg","width":700,"height":430,"mime_type":"image\/jpeg","source_url":"https:\/\/auschwitz.net\/wp-content\/uploads\/2018\/05\/18-01-Auschwizt_Madrid-700x430.jpg"},"Personnel Thumbnail 2":{"file":"18-01-Auschwizt_Madrid-550x500.jpg","width":550,"height":500,"mime_type":"image\/jpeg","source_url":"https:\/\/auschwitz.net\/wp-content\/uploads\/2018\/05\/18-01-Auschwizt_Madrid-550x500.jpg"},"Personnel Square":{"file":"18-01-Auschwizt_Madrid-600x600.jpg","width":600,"height":600,"mime_type":"image\/jpeg","source_url":"https:\/\/auschwitz.net\/wp-content\/uploads\/2018\/05\/18-01-Auschwizt_Madrid-600x600.jpg"},"full":{"file":"18-01-Auschwizt_Madrid.jpg","width":1200,"height":736,"mime_type":"image\/jpeg","source_url":"https:\/\/auschwitz.net\/wp-content\/uploads\/2018\/05\/18-01-Auschwizt_Madrid.jpg"}},"image_meta":{"aperture":"5.6","credit":"JOSE BAREA","camera":"Canon EOS 5DS R","caption":"AUSCHWITZ EXPOSICI\u00d3N DE MADRID","created_timestamp":"1515763245","copyright":"MUSEALIA\/Jos\u00e9 Barea","focal_length":"85","iso":"800","shutter_speed":"0.4","title":"AUSCHWITZ EXPOSICI\u00d3N DE MADRID","orientation":"1","keywords":["AUSCHWITZ MADRID"]}},"post":10389,"source_url":"https:\/\/auschwitz.net\/wp-content\/uploads\/2018\/05\/18-01-Auschwizt_Madrid.jpg","_links":{"self":[{"href":"https:\/\/auschwitz.net\/es\/wp-json\/wp\/v2\/media\/10441","targetHints":{"allow":["GET"]}}],"collection":[{"href":"https:\/\/auschwitz.net\/es\/wp-json\/wp\/v2\/media"}],"about":[{"href":"https:\/\/auschwitz.net\/es\/wp-json\/wp\/v2\/types\/attachment"}],"author":[{"embeddable":true,"href":"https:\/\/auschwitz.net\/es\/wp-json\/wp\/v2\/users\/6"}],"replies":[{"embeddable":true,"href":"https:\/\/auschwitz.net\/es\/wp-json\/wp\/v2\/comments?post=10441"}],"wp:attached-to":[{"embeddable":true,"post_type":"post","id":10389,"href":"https:\/\/auschwitz.net\/es\/wp-json\/wp\/v2\/posts\/10389"}],"curies":[{"name":"wp","href":"https:\/\/api.w.org\/{rel}","templated":true}]}}

<!-- This site is optimized with the Yoast SEO plugin v26.8 - https://yoast.com/product/yoast-seo-wordpress/ -->
<title>Last chance for free scholar tickets. Barea - Auschwitz</title>
<meta name="robots" content="index, follow, max-snippet:-1, max-image-preview:large, max-video-preview:-1" />
<link rel="canonical" href="https://auschwitz.net/wp-content/uploads/2018/05/18-01-Auschwizt_Madrid.jpg" />
<meta property="og:locale" content="es_ES" />
<meta property="og:type" content="article" />
<meta property="og:title" content="Last chance for free scholar tickets. Barea - Auschwitz" />
<meta property="og:description" content="Last chance for free scholar tickets. Barea" />
<meta property="og:url" content="https://auschwitz.net/wp-content/uploads/2018/05/18-01-Auschwizt_Madrid.jpg" />
<meta property="og:site_name" content="Auschwitz" />
<meta property="article:publisher" content="https://www.facebook.com/auschwitzexhibition/" />
<meta property="og:image" content="https://auschwitz.net/wp-content/uploads/2018/05/18-01-Auschwizt_Madrid.jpg" />
	<meta property="og:image:width" content="1200" />
	<meta property="og:image:height" content="736" />
	<meta property="og:image:type" content="image/jpeg" />
<meta name="twitter:card" content="summary_large_image" />
<meta name="twitter:site" content="@auschwitzxhibit" />
<script type="application/ld+json" class="yoast-schema-graph">{"@context":"https://schema.org","@graph":[{"@type":"WebPage","@id":"https://auschwitz.net/wp-content/uploads/2018/05/18-01-Auschwizt_Madrid.jpg","url":"https://auschwitz.net/wp-content/uploads/2018/05/18-01-Auschwizt_Madrid.jpg","name":"Last chance for free scholar tickets. Barea - Auschwitz","isPartOf":{"@id":"https://auschwitz.net/#website"},"datePublished":"2018-05-07T14:30:50+00:00","breadcrumb":{"@id":"https://auschwitz.net/wp-content/uploads/2018/05/18-01-Auschwizt_Madrid.jpg#breadcrumb"},"inLanguage":"es","potentialAction":[{"@type":"ReadAction","target":["https://auschwitz.net/wp-content/uploads/2018/05/18-01-Auschwizt_Madrid.jpg"]}]},{"@type":"BreadcrumbList","@id":"https://auschwitz.net/wp-content/uploads/2018/05/18-01-Auschwizt_Madrid.jpg#breadcrumb","itemListElement":[{"@type":"ListItem","position":1,"name":"Portada","item":"https://auschwitz.net/es/?page_id=17381"},{"@type":"ListItem","position":2,"name":"Últimas semanas para visitar la exposición Auschwitz en Madrid","item":"https://auschwitz.net/es/ultimas-semanas-para-visitar-la-exposicion-auschwitz-en-madrid/"},{"@type":"ListItem","position":3,"name":"Last chance for free scholar tickets. Barea"}]},{"@type":"WebSite","@id":"https://auschwitz.net/#website","url":"https://auschwitz.net/","name":"Auschwitz","description":"Exposición Auschwitz, en Madrid hasta el 16 de junio de 2018. Una emotiva y rigurosa muestra sobre el mayor campo nazi alemán, con más de 600 objetos originales.","potentialAction":[{"@type":"SearchAction","target":{"@type":"EntryPoint","urlTemplate":"https://auschwitz.net/?s={search_term_string}"},"query-input":{"@type":"PropertyValueSpecification","valueRequired":true,"valueName":"search_term_string"}}],"inLanguage":"es"}]}</script>
<!-- / Yoast SEO plugin. -->

Últimas semanas para visitar la exposición Auschwitz en Madrid

Exposición Auschwitz, en Madrid hasta el 16 de junio de 2018. Una emotiva y rigurosa muestra sobre el mayor campo nazi alemán, con más de 600 objetos originales.

AUSCHWITZ EXPOSICIÓN DE MADRID

MUSEALIA/José Barea
